Last updated on 2022-04-24 03:52:23 CEST.
Flavor | Version | Tinstall | Tcheck | Ttotal | Status | Flags |
---|---|---|---|---|---|---|
r-devel-linux-x86_64-debian-clang | 1.1 | 3.49 | 77.63 | 81.12 | NOTE | |
r-devel-linux-x86_64-debian-gcc | 1.1 | 2.91 | 55.57 | 58.48 | NOTE | |
r-devel-linux-x86_64-fedora-clang | 1.1 | 94.75 | NOTE | |||
r-devel-linux-x86_64-fedora-gcc | 1.1 | 90.21 | NOTE | |||
r-patched-linux-x86_64 | 1.1 | 4.81 | 74.83 | 79.64 | NOTE | |
r-release-linux-x86_64 | 1.1 | 3.76 | 73.44 | 77.20 | NOTE | |
r-release-macos-arm64 | 1.1 | NOTE | ||||
r-release-macos-x86_64 | 1.1 | NOTE | ||||
r-release-windows-x86_64 | 1.1 | 33.00 | 85.00 | 118.00 | NOTE | |
r-oldrel-macos-arm64 | 1.1 | NOTE | ||||
r-oldrel-macos-x86_64 | 1.1 | NOTE | ||||
r-oldrel-windows-ix86+x86_64 | 1.1 | 6.00 | 67.00 | 73.00 | NOTE |
Version: 1.1
Check: DESCRIPTION meta-information
Result: NOTE
Malformed Title field: should not end in a period.
Flavors: r-devel-linux-x86_64-debian-clang, r-devel-linux-x86_64-debian-gcc, r-devel-linux-x86_64-fedora-clang, r-devel-linux-x86_64-fedora-gcc, r-patched-linux-x86_64, r-release-linux-x86_64, r-release-macos-arm64, r-release-macos-x86_64, r-release-windows-x86_64, r-oldrel-macos-arm64, r-oldrel-macos-x86_64, r-oldrel-windows-ix86+x86_64
Version: 1.1
Check: R code for possible problems
Result: NOTE
arrayUpdate : pairUpdate: no visible global function definition for
'runif'
conditionUpdate: no visible global function definition for 'runif'
designGG: no visible global function definition for 'runif'
experimentDesignTable: no visible global function definition for
'write.csv'
plotAllScores: no visible global function definition for 'png'
plotAllScores: no visible global function definition for 'par'
plotAllScores: no visible global function definition for 'text'
plotAllScores: no visible global function definition for 'dev.off'
Undefined global functions or variables:
dev.off par png runif text write.csv
Consider adding
importFrom("grDevices", "dev.off", "png")
importFrom("graphics", "par", "text")
importFrom("stats", "runif")
importFrom("utils", "write.csv")
to your NAMESPACE file.
Flavors: r-devel-linux-x86_64-debian-clang, r-devel-linux-x86_64-debian-gcc, r-devel-linux-x86_64-fedora-clang, r-devel-linux-x86_64-fedora-gcc, r-patched-linux-x86_64, r-release-linux-x86_64, r-release-macos-arm64, r-release-macos-x86_64, r-release-windows-x86_64, r-oldrel-macos-arm64, r-oldrel-macos-x86_64, r-oldrel-windows-ix86+x86_64
Version: 1.1
Check: for non-standard things in the check directory
Result: NOTE
Found the following files/directories:
'myDesignGGSAplot.png' 'myDesignGG_arrayDesign.csv'
'myDesignGG_conditionDesign.csv'
Flavors: r-devel-linux-x86_64-debian-clang, r-devel-linux-x86_64-debian-gcc, r-devel-linux-x86_64-fedora-clang, r-devel-linux-x86_64-fedora-gcc, r-patched-linux-x86_64, r-release-linux-x86_64