Last updated on 2022-04-24 03:52:23 CEST.
Flavor | Version | Tinstall | Tcheck | Ttotal | Status | Flags |
---|---|---|---|---|---|---|
r-devel-linux-x86_64-debian-clang | 0.3.1 | 6.86 | 95.13 | 101.99 | NOTE | |
r-devel-linux-x86_64-debian-gcc | 0.3.1 | 4.63 | 68.62 | 73.25 | NOTE | |
r-devel-linux-x86_64-fedora-clang | 0.3.1 | 119.40 | NOTE | |||
r-devel-linux-x86_64-fedora-gcc | 0.3.1 | 112.09 | NOTE | |||
r-patched-linux-x86_64 | 0.3.1 | 6.28 | 93.84 | 100.12 | NOTE | |
r-release-linux-x86_64 | 0.3.1 | 5.73 | 90.37 | 96.10 | NOTE | |
r-release-macos-arm64 | 0.3.1 | NOTE | ||||
r-release-macos-x86_64 | 0.3.1 | NOTE | ||||
r-release-windows-x86_64 | 0.3.1 | 37.00 | 107.00 | 144.00 | NOTE | |
r-oldrel-macos-arm64 | 0.3.1 | NOTE | ||||
r-oldrel-macos-x86_64 | 0.3.1 | NOTE | ||||
r-oldrel-windows-ix86+x86_64 | 0.3.1 | 10.00 | 103.00 | 113.00 | NOTE |
Version: 0.3.1
Check: package dependencies
Result: NOTE
Package which this enhances but not available for checking: 'gurobi'
Flavors: r-devel-linux-x86_64-debian-clang, r-devel-linux-x86_64-debian-gcc, r-patched-linux-x86_64, r-release-linux-x86_64
Version: 0.3.1
Check: package dependencies
Result: NOTE
Packages which this enhances but not available for checking:
'gurobi', 'Rcplex'
Flavors: r-devel-linux-x86_64-fedora-clang, r-devel-linux-x86_64-fedora-gcc, r-release-macos-x86_64, r-release-windows-x86_64, r-oldrel-macos-x86_64, r-oldrel-windows-ix86+x86_64
Version: 0.3.1
Check: package dependencies
Result: NOTE
Packages which this enhances but not available for checking:
'gurobi', 'Rcplex', 'Rsymphony'
Flavors: r-release-macos-arm64, r-oldrel-macos-arm64