Last updated on 2022-04-24 03:52:23 CEST.
Flavor | Version | Tinstall | Tcheck | Ttotal | Status | Flags |
---|---|---|---|---|---|---|
r-devel-linux-x86_64-debian-clang | 0.1.12 | 13.77 | 138.58 | 152.35 | OK | |
r-devel-linux-x86_64-debian-gcc | 0.1.12 | 10.21 | 102.47 | 112.68 | OK | |
r-devel-linux-x86_64-fedora-clang | 0.1.12 | 177.60 | NOTE | |||
r-devel-linux-x86_64-fedora-gcc | 0.1.12 | 173.47 | NOTE | |||
r-patched-linux-x86_64 | 0.1.12 | 11.24 | 131.47 | 142.71 | OK | |
r-release-linux-x86_64 | 0.1.12 | 7.99 | 117.06 | 125.05 | OK | |
r-release-macos-arm64 | 0.1.12 | NOTE | ||||
r-release-macos-x86_64 | 0.1.12 | NOTE | ||||
r-release-windows-x86_64 | 0.1.12 | 30.00 | 166.00 | 196.00 | OK | |
r-oldrel-macos-arm64 | 0.1.12 | NOTE | ||||
r-oldrel-macos-x86_64 | 0.1.12 | NOTE | ||||
r-oldrel-windows-ix86+x86_64 | 0.1.12 | 28.00 | 135.00 | 163.00 | OK |
Version: 0.1.12
Check: data for non-ASCII characters
Result: NOTE
Note: found 47 marked UTF-8 strings
Flavors: r-devel-linux-x86_64-fedora-clang, r-devel-linux-x86_64-fedora-gcc, r-release-macos-arm64, r-release-macos-x86_64, r-oldrel-macos-arm64, r-oldrel-macos-x86_64