Last updated on 2022-04-24 03:52:23 CEST.
Flavor | Version | Tinstall | Tcheck | Ttotal | Status | Flags |
---|---|---|---|---|---|---|
r-devel-linux-x86_64-debian-clang | 0.1.0 | 49.89 | 44.03 | 93.92 | OK | |
r-devel-linux-x86_64-debian-gcc | 0.1.0 | 39.99 | 32.30 | 72.29 | OK | |
r-devel-linux-x86_64-fedora-clang | 0.1.0 | 132.39 | OK | |||
r-devel-linux-x86_64-fedora-gcc | 0.1.0 | 116.73 | OK | |||
r-patched-linux-x86_64 | 0.1.0 | 44.86 | 40.52 | 85.38 | OK | |
r-release-linux-x86_64 | 0.1.0 | 45.90 | 39.13 | 85.03 | OK | |
r-release-macos-arm64 | 0.1.0 | NOTE | ||||
r-release-macos-x86_64 | 0.1.0 | NOTE | ||||
r-release-windows-x86_64 | 0.1.0 | 53.00 | 80.00 | 133.00 | OK | |
r-oldrel-macos-arm64 | 0.1.0 | NOTE | ||||
r-oldrel-macos-x86_64 | 0.1.0 | NOTE | ||||
r-oldrel-windows-ix86+x86_64 | 0.1.0 | 116.00 | 75.00 | 191.00 | OK |
Version: 0.1.0
Check: installed package size
Result: NOTE
installed size is 6.2Mb
sub-directories of 1Mb or more:
libs 6.1Mb
Flavors: r-release-macos-arm64, r-release-macos-x86_64, r-oldrel-macos-arm64, r-oldrel-macos-x86_64