Last updated on 2022-04-24 03:52:23 CEST.
Flavor | Version | Tinstall | Tcheck | Ttotal | Status | Flags |
---|---|---|---|---|---|---|
r-devel-linux-x86_64-debian-clang | 1.0.5 | 16.10 | 110.18 | 126.28 | OK | |
r-devel-linux-x86_64-debian-gcc | 1.0.5 | 10.93 | 84.91 | 95.84 | OK | |
r-devel-linux-x86_64-fedora-clang | 1.0.5 | 158.88 | OK | |||
r-devel-linux-x86_64-fedora-gcc | 1.0.5 | 151.09 | OK | |||
r-patched-linux-x86_64 | 1.0.5 | 15.74 | 108.01 | 123.75 | OK | |
r-release-linux-x86_64 | 1.0.5 | 14.28 | 102.46 | 116.74 | OK | |
r-release-macos-arm64 | 1.0.5 | ERROR | ||||
r-release-macos-x86_64 | 1.0.5 | OK | ||||
r-release-windows-x86_64 | 1.0.5 | 42.00 | 119.00 | 161.00 | OK | |
r-oldrel-macos-arm64 | 1.0.5 | ERROR | ||||
r-oldrel-macos-x86_64 | 1.0.5 | OK | ||||
r-oldrel-windows-ix86+x86_64 | 1.0.5 | 26.00 | 106.00 | 132.00 | OK |
Version: 1.0.5
Check: whether package can be installed
Result: ERROR
Installation failed.
Flavors: r-release-macos-arm64, r-oldrel-macos-arm64