Last updated on 2022-04-24 03:52:23 CEST.
| Flavor | Version | Tinstall | Tcheck | Ttotal | Status | Flags | 
|---|---|---|---|---|---|---|
| r-devel-linux-x86_64-debian-clang | 0.6.14 | 136.31 | 138.16 | 274.47 | NOTE | |
| r-devel-linux-x86_64-debian-gcc | 0.6.14 | 106.91 | 104.92 | 211.83 | NOTE | |
| r-devel-linux-x86_64-fedora-clang | 0.6.14 | 412.98 | NOTE | |||
| r-devel-linux-x86_64-fedora-gcc | 0.6.14 | 339.91 | NOTE | |||
| r-patched-linux-x86_64 | 0.6.14 | 89.94 | 130.03 | 219.97 | NOTE | |
| r-release-linux-x86_64 | 0.6.14 | 80.45 | 129.09 | 209.54 | NOTE | |
| r-release-macos-arm64 | 0.6.14 | NOTE | ||||
| r-release-macos-x86_64 | 0.6.14 | NOTE | ||||
| r-release-windows-x86_64 | 0.6.14 | 137.00 | 170.00 | 307.00 | NOTE | |
| r-oldrel-macos-arm64 | 0.6.14 | NOTE | ||||
| r-oldrel-macos-x86_64 | 0.6.14 | NOTE | ||||
| r-oldrel-windows-ix86+x86_64 | 0.6.14 | 345.00 | 210.00 | 555.00 | NOTE | 
Version: 0.6.14
Check: for GNU extensions in Makefiles
Result: NOTE
    GNU make is a SystemRequirements.
Flavors: r-devel-linux-x86_64-debian-clang, r-devel-linux-x86_64-debian-gcc, r-devel-linux-x86_64-fedora-clang, r-devel-linux-x86_64-fedora-gcc, r-patched-linux-x86_64, r-release-linux-x86_64, r-release-macos-arm64, r-release-macos-x86_64, r-release-windows-x86_64, r-oldrel-macos-arm64, r-oldrel-macos-x86_64, r-oldrel-windows-ix86+x86_64
Version: 0.6.14
Check: installed package size
Result: NOTE
      installed size is  5.7Mb
      sub-directories of 1Mb or more:
        libs   4.5Mb
Flavors: r-release-macos-arm64, r-oldrel-macos-arm64