Last updated on 2022-04-24 03:52:23 CEST.
Flavor | Version | Tinstall | Tcheck | Ttotal | Status | Flags |
---|---|---|---|---|---|---|
r-devel-linux-x86_64-debian-clang | 0.1.0 | 5.74 | 61.95 | 67.69 | OK | |
r-devel-linux-x86_64-debian-gcc | 0.1.0 | 4.68 | 45.66 | 50.34 | OK | |
r-devel-linux-x86_64-fedora-clang | 0.1.0 | 79.23 | NOTE | |||
r-devel-linux-x86_64-fedora-gcc | 0.1.0 | 71.25 | NOTE | |||
r-patched-linux-x86_64 | 0.1.0 | 5.11 | 57.38 | 62.49 | OK | |
r-release-linux-x86_64 | 0.1.0 | 4.96 | 54.29 | 59.25 | OK | |
r-release-macos-arm64 | 0.1.0 | NOTE | ||||
r-release-macos-x86_64 | 0.1.0 | NOTE | ||||
r-release-windows-x86_64 | 0.1.0 | 25.00 | 80.00 | 105.00 | OK | |
r-oldrel-macos-arm64 | 0.1.0 | NOTE | ||||
r-oldrel-macos-x86_64 | 0.1.0 | NOTE | ||||
r-oldrel-windows-ix86+x86_64 | 0.1.0 | 14.00 | 66.00 | 80.00 | OK |
Version: 0.1.0
Check: dependencies in R code
Result: NOTE
Namespaces in Imports field not imported from:
‘DT’ ‘ggiraph’ ‘ggplot2’ ‘reshape2’ ‘stats’ ‘tidyr’ ‘tidyselect’
All declared Imports should be used.
Flavors: r-devel-linux-x86_64-fedora-clang, r-devel-linux-x86_64-fedora-gcc, r-release-macos-arm64, r-release-macos-x86_64, r-oldrel-macos-arm64, r-oldrel-macos-x86_64