Last updated on 2022-04-24 03:52:23 CEST.
Flavor | Version | Tinstall | Tcheck | Ttotal | Status | Flags |
---|---|---|---|---|---|---|
r-devel-linux-x86_64-debian-clang | 1.0.0 | 2.03 | 28.89 | 30.92 | NOTE | |
r-devel-linux-x86_64-debian-gcc | 1.0.0 | 1.33 | 22.19 | 23.52 | NOTE | |
r-devel-linux-x86_64-fedora-clang | 1.0.0 | 37.57 | NOTE | |||
r-devel-linux-x86_64-fedora-gcc | 1.0.0 | 26.96 | NOTE | |||
r-patched-linux-x86_64 | 1.0.0 | 2.01 | 27.99 | 30.00 | NOTE | |
r-release-linux-x86_64 | 1.0.0 | 1.81 | 27.27 | 29.08 | NOTE | |
r-release-macos-arm64 | 1.0.0 | NOTE | ||||
r-release-macos-x86_64 | 1.0.0 | NOTE | ||||
r-release-windows-x86_64 | 1.0.0 | 9.00 | 41.00 | 50.00 | NOTE | |
r-oldrel-macos-arm64 | 1.0.0 | NOTE | ||||
r-oldrel-macos-x86_64 | 1.0.0 | NOTE | ||||
r-oldrel-windows-ix86+x86_64 | 1.0.0 | 4.00 | 25.00 | 29.00 | NOTE |
Version: 1.0.0
Check: LazyData
Result: NOTE
'LazyData' is specified without a 'data' directory
Flavors: r-devel-linux-x86_64-debian-clang, r-devel-linux-x86_64-debian-gcc, r-devel-linux-x86_64-fedora-clang, r-devel-linux-x86_64-fedora-gcc, r-patched-linux-x86_64, r-release-linux-x86_64, r-release-macos-arm64, r-release-macos-x86_64, r-release-windows-x86_64, r-oldrel-macos-arm64, r-oldrel-macos-x86_64, r-oldrel-windows-ix86+x86_64