Last updated on 2022-04-24 03:52:23 CEST.
Flavor | Version | Tinstall | Tcheck | Ttotal | Status | Flags |
---|---|---|---|---|---|---|
r-devel-linux-x86_64-debian-clang | 0.2.1 | 5.80 | 72.73 | 78.53 | NOTE | |
r-devel-linux-x86_64-debian-gcc | 0.2.1 | 5.09 | 54.53 | 59.62 | NOTE | |
r-devel-linux-x86_64-fedora-clang | 0.2.1 | 92.86 | NOTE | |||
r-devel-linux-x86_64-fedora-gcc | 0.2.1 | 86.88 | NOTE | |||
r-patched-linux-x86_64 | 0.2.1 | 9.33 | 67.92 | 77.25 | NOTE | |
r-release-linux-x86_64 | 0.2.1 | 4.57 | 64.87 | 69.44 | NOTE | |
r-release-macos-arm64 | 0.2.1 | NOTE | ||||
r-release-macos-x86_64 | 0.2.1 | NOTE | ||||
r-release-windows-x86_64 | 0.2.1 | 17.00 | 89.00 | 106.00 | NOTE | |
r-oldrel-macos-arm64 | 0.2.1 | NOTE | ||||
r-oldrel-macos-x86_64 | 0.2.1 | NOTE | ||||
r-oldrel-windows-ix86+x86_64 | 0.2.1 | 15.00 | 77.00 | 92.00 | NOTE |
Version: 0.2.1
Check: R code for possible problems
Result: NOTE
simulate_dataframe : generate_dumb_answer: no visible global function
definition for 'rbinom'
simulate_dataframe : generate_dumb_answer: no visible global function
definition for 'rnorm'
simulate_dataframe : generate_initial: no visible global function
definition for 'rbinom'
simulate_dataframe: no visible binding for global variable 'randu'
simulate_dataframe: no visible global function definition for 'rbinom'
simulate_dataframe: no visible global function definition for 'rnorm'
simulate_dataframe: no visible global function definition for 'rpois'
simulate_dataframe : add_NAs: no visible global function definition for
'rbinom'
Undefined global functions or variables:
randu rbinom rnorm rpois
Consider adding
importFrom("datasets", "randu")
importFrom("stats", "rbinom", "rnorm", "rpois")
to your NAMESPACE file.
Flavors: r-devel-linux-x86_64-debian-clang, r-devel-linux-x86_64-debian-gcc, r-devel-linux-x86_64-fedora-clang, r-devel-linux-x86_64-fedora-gcc, r-patched-linux-x86_64, r-release-linux-x86_64, r-release-macos-arm64, r-release-macos-x86_64, r-release-windows-x86_64, r-oldrel-macos-arm64, r-oldrel-macos-x86_64, r-oldrel-windows-ix86+x86_64