Last updated on 2022-04-24 03:52:23 CEST.
Flavor | Version | Tinstall | Tcheck | Ttotal | Status | Flags |
---|---|---|---|---|---|---|
r-devel-linux-x86_64-debian-clang | 1.7-1 | 27.08 | 36.79 | 63.87 | NOTE | |
r-devel-linux-x86_64-debian-gcc | 1.7-1 | 23.45 | 27.21 | 50.66 | NOTE | |
r-devel-linux-x86_64-fedora-clang | 1.7-1 | 84.41 | NOTE | |||
r-devel-linux-x86_64-fedora-gcc | 1.7-1 | 71.31 | NOTE | |||
r-patched-linux-x86_64 | 1.7-1 | 26.83 | 35.08 | 61.91 | OK | |
r-release-linux-x86_64 | 1.7-1 | 25.66 | 33.74 | 59.40 | OK | |
r-release-macos-arm64 | 1.7-1 | OK | ||||
r-release-macos-x86_64 | 1.7-1 | OK | ||||
r-release-windows-x86_64 | 1.7-1 | 32.00 | 72.00 | 104.00 | OK | |
r-oldrel-macos-arm64 | 1.7-1 | OK | ||||
r-oldrel-macos-x86_64 | 1.7-1 | OK | ||||
r-oldrel-windows-ix86+x86_64 | 1.7-1 | 57.00 | 63.00 | 120.00 | OK |
Version: 1.7-1
Check: Rd files
Result: NOTE
checkRd: (7) file 'mtaBin_next.Rd': \item in \value must have non-empty label
Flavors: r-devel-linux-x86_64-debian-clang, r-devel-linux-x86_64-debian-gcc, r-devel-linux-x86_64-fedora-clang, r-devel-linux-x86_64-fedora-gcc