Last updated on 2022-04-24 03:52:23 CEST.
Flavor | Version | Tinstall | Tcheck | Ttotal | Status | Flags |
---|---|---|---|---|---|---|
r-devel-linux-x86_64-debian-clang | 0.2.0 | 6.94 | 101.99 | 108.93 | OK | |
r-devel-linux-x86_64-debian-gcc | 0.2.0 | 5.72 | 75.73 | 81.45 | OK | |
r-devel-linux-x86_64-fedora-clang | 0.2.0 | 127.58 | NOTE | |||
r-devel-linux-x86_64-fedora-gcc | 0.2.0 | 122.96 | NOTE | |||
r-patched-linux-x86_64 | 0.2.0 | 6.93 | 94.44 | 101.37 | OK | |
r-release-linux-x86_64 | 0.2.0 | 6.89 | 88.85 | 95.74 | OK | |
r-release-macos-arm64 | 0.2.0 | NOTE | ||||
r-release-macos-x86_64 | 0.2.0 | NOTE | ||||
r-release-windows-x86_64 | 0.2.0 | 27.00 | 127.00 | 154.00 | OK | |
r-oldrel-macos-arm64 | 0.2.0 | NOTE | ||||
r-oldrel-macos-x86_64 | 0.2.0 | NOTE | ||||
r-oldrel-windows-ix86+x86_64 | 0.2.0 | 17.00 | 108.00 | 125.00 | OK |
Version: 0.2.0
Check: dependencies in R code
Result: NOTE
Namespaces in Imports field not imported from:
‘MASS’ ‘plyr’
All declared Imports should be used.
Flavors: r-devel-linux-x86_64-fedora-clang, r-devel-linux-x86_64-fedora-gcc, r-release-macos-arm64, r-release-macos-x86_64, r-oldrel-macos-arm64, r-oldrel-macos-x86_64