Last updated on 2022-04-24 03:52:23 CEST.
Flavor | Version | Tinstall | Tcheck | Ttotal | Status | Flags |
---|---|---|---|---|---|---|
r-devel-linux-x86_64-debian-clang | 1.1 | 10.45 | 106.52 | 116.97 | NOTE | |
r-devel-linux-x86_64-debian-gcc | 1.1 | 8.00 | 78.39 | 86.39 | NOTE | |
r-devel-linux-x86_64-fedora-clang | 1.1 | 145.23 | NOTE | |||
r-devel-linux-x86_64-fedora-gcc | 1.1 | 131.51 | NOTE | |||
r-patched-linux-x86_64 | 1.1 | 8.94 | 99.05 | 107.99 | NOTE | |
r-release-linux-x86_64 | 1.1 | 6.20 | 94.78 | 100.98 | NOTE | |
r-release-macos-arm64 | 1.1 | NOTE | ||||
r-release-macos-x86_64 | 1.1 | NOTE | ||||
r-release-windows-x86_64 | 1.1 | 24.00 | 127.00 | 151.00 | NOTE | |
r-oldrel-macos-arm64 | 1.1 | NOTE | ||||
r-oldrel-macos-x86_64 | 1.1 | NOTE | ||||
r-oldrel-windows-ix86+x86_64 | 1.1 | 24.00 | 112.00 | 136.00 | NOTE |
Version: 1.1
Check: LazyData
Result: NOTE
'LazyData' is specified without a 'data' directory
Flavors: r-devel-linux-x86_64-debian-clang, r-devel-linux-x86_64-debian-gcc, r-devel-linux-x86_64-fedora-clang, r-devel-linux-x86_64-fedora-gcc, r-patched-linux-x86_64, r-release-linux-x86_64, r-release-macos-arm64, r-release-macos-x86_64, r-release-windows-x86_64, r-oldrel-macos-arm64, r-oldrel-macos-x86_64, r-oldrel-windows-ix86+x86_64