Last updated on 2022-04-24 03:52:23 CEST.
Flavor | Version | Tinstall | Tcheck | Ttotal | Status | Flags |
---|---|---|---|---|---|---|
r-devel-linux-x86_64-debian-clang | 0.1.0 | 21.53 | 140.70 | 162.23 | OK | |
r-devel-linux-x86_64-debian-gcc | 0.1.0 | 16.56 | 105.11 | 121.67 | OK | |
r-devel-linux-x86_64-fedora-clang | 0.1.0 | 205.47 | NOTE | |||
r-devel-linux-x86_64-fedora-gcc | 0.1.0 | 180.22 | NOTE | |||
r-patched-linux-x86_64 | 0.1.0 | 22.16 | 132.43 | 154.59 | OK | |
r-release-linux-x86_64 | 0.1.0 | 19.14 | 124.68 | 143.82 | OK | |
r-release-macos-arm64 | 0.1.0 | NOTE | ||||
r-release-macos-x86_64 | 0.1.0 | NOTE | ||||
r-release-windows-x86_64 | 0.1.0 | 38.00 | 149.00 | 187.00 | OK | |
r-oldrel-macos-arm64 | 0.1.0 | NOTE | ||||
r-oldrel-macos-x86_64 | 0.1.0 | NOTE | ||||
r-oldrel-windows-ix86+x86_64 | 0.1.0 | 42.00 | 142.00 | 184.00 | OK |
Version: 0.1.0
Check: data for non-ASCII characters
Result: NOTE
Note: found 8014 marked UTF-8 strings
Flavors: r-devel-linux-x86_64-fedora-clang, r-devel-linux-x86_64-fedora-gcc, r-release-macos-arm64, r-release-macos-x86_64, r-oldrel-macos-arm64, r-oldrel-macos-x86_64