Last updated on 2022-04-24 03:52:23 CEST.
| Flavor | Version | Tinstall | Tcheck | Ttotal | Status | Flags | 
|---|---|---|---|---|---|---|
| r-devel-linux-x86_64-debian-clang | 1.6 | 2.51 | 43.48 | 45.99 | NOTE | |
| r-devel-linux-x86_64-debian-gcc | 1.6 | 2.35 | 32.96 | 35.31 | NOTE | |
| r-devel-linux-x86_64-fedora-clang | 1.6 | 56.49 | NOTE | |||
| r-devel-linux-x86_64-fedora-gcc | 1.6 | 46.86 | NOTE | |||
| r-patched-linux-x86_64 | 1.6 | 3.73 | 41.59 | 45.32 | NOTE | |
| r-release-linux-x86_64 | 1.6 | 2.40 | 40.76 | 43.16 | NOTE | |
| r-release-macos-arm64 | 1.6 | NOTE | ||||
| r-release-macos-x86_64 | 1.6 | NOTE | ||||
| r-release-windows-x86_64 | 1.6 | 120.00 | 66.00 | 186.00 | NOTE | |
| r-oldrel-macos-arm64 | 1.6 | NOTE | ||||
| r-oldrel-macos-x86_64 | 1.6 | NOTE | ||||
| r-oldrel-windows-ix86+x86_64 | 1.6 | 6.00 | 40.00 | 46.00 | NOTE | 
Version: 1.6
Check: R code for possible problems
Result: NOTE
    le.pesquisa: no visible global function definition for 'txtProgressBar'
    le.pesquisa: no visible global function definition for 'type.convert'
    le.pesquisa: no visible global function definition for
      'setTxtProgressBar'
    Undefined global functions or variables:
      setTxtProgressBar txtProgressBar type.convert
    Consider adding
      importFrom("utils", "setTxtProgressBar", "txtProgressBar",
                 "type.convert")
    to your NAMESPACE file.
Flavors: r-devel-linux-x86_64-debian-clang, r-devel-linux-x86_64-debian-gcc, r-devel-linux-x86_64-fedora-clang, r-devel-linux-x86_64-fedora-gcc, r-patched-linux-x86_64, r-release-linux-x86_64, r-release-macos-arm64, r-release-macos-x86_64, r-release-windows-x86_64, r-oldrel-macos-arm64, r-oldrel-macos-x86_64, r-oldrel-windows-ix86+x86_64
Version: 1.6
Check: data for non-ASCII characters
Result: NOTE
      Note: found 2297 marked UTF-8 strings
Flavors: r-devel-linux-x86_64-fedora-clang, r-devel-linux-x86_64-fedora-gcc, r-release-macos-arm64, r-release-macos-x86_64, r-oldrel-macos-arm64, r-oldrel-macos-x86_64