Last updated on 2022-04-24 03:52:23 CEST.
Flavor | Version | Tinstall | Tcheck | Ttotal | Status | Flags |
---|---|---|---|---|---|---|
r-devel-linux-x86_64-debian-clang | 0.6.0 | 37.98 | 133.09 | 171.07 | OK | |
r-devel-linux-x86_64-debian-gcc | 0.6.0 | 39.78 | 99.60 | 139.38 | OK | |
r-devel-linux-x86_64-fedora-clang | 0.6.0 | 242.44 | NOTE | |||
r-devel-linux-x86_64-fedora-gcc | 0.6.0 | 221.20 | NOTE | |||
r-patched-linux-x86_64 | 0.6.0 | 35.72 | 125.82 | 161.54 | OK | |
r-release-linux-x86_64 | 0.6.0 | 31.90 | 116.73 | 148.63 | OK | |
r-release-macos-arm64 | 0.6.0 | NOTE | ||||
r-release-macos-x86_64 | 0.6.0 | NOTE | ||||
r-release-windows-x86_64 | 0.6.0 | 44.00 | 171.00 | 215.00 | OK | |
r-oldrel-macos-arm64 | 0.6.0 | NOTE | ||||
r-oldrel-macos-x86_64 | 0.6.0 | NOTE | ||||
r-oldrel-windows-ix86+x86_64 | 0.6.0 | 110.00 | 194.00 | 304.00 | OK |
Version: 0.6.0
Check: dependencies in R code
Result: NOTE
Namespaces in Imports field not imported from:
‘dplyr’ ‘magrittr’ ‘purrr’ ‘rsample’ ‘tibble’
All declared Imports should be used.
Flavors: r-devel-linux-x86_64-fedora-clang, r-devel-linux-x86_64-fedora-gcc, r-release-macos-arm64, r-release-macos-x86_64, r-oldrel-macos-arm64, r-oldrel-macos-x86_64