Last updated on 2022-04-24 03:52:23 CEST.
Flavor | Version | Tinstall | Tcheck | Ttotal | Status | Flags |
---|---|---|---|---|---|---|
r-devel-linux-x86_64-debian-clang | 0.1.0 | 41.25 | 141.76 | 183.01 | OK | |
r-devel-linux-x86_64-debian-gcc | 0.1.0 | 30.95 | 99.34 | 130.29 | OK | |
r-devel-linux-x86_64-fedora-clang | 0.1.0 | 235.82 | NOTE | |||
r-devel-linux-x86_64-fedora-gcc | 0.1.0 | 213.61 | NOTE | |||
r-patched-linux-x86_64 | 0.1.0 | 27.51 | 133.38 | 160.89 | OK | |
r-release-linux-x86_64 | 0.1.0 | 25.20 | 131.10 | 156.30 | OK | |
r-release-macos-arm64 | 0.1.0 | NOTE | ||||
r-release-macos-x86_64 | 0.1.0 | NOTE | ||||
r-release-windows-x86_64 | 0.1.0 | 48.00 | 167.00 | 215.00 | OK | |
r-oldrel-macos-arm64 | 0.1.0 | NOTE | ||||
r-oldrel-macos-x86_64 | 0.1.0 | NOTE | ||||
r-oldrel-windows-ix86+x86_64 | 0.1.0 | 92.00 | 270.00 | 362.00 | OK |
Version: 0.1.0
Check: dependencies in R code
Result: NOTE
Namespace in Imports field not imported from: ‘rlang’
All declared Imports should be used.
Flavors: r-devel-linux-x86_64-fedora-clang, r-devel-linux-x86_64-fedora-gcc, r-release-macos-arm64, r-release-macos-x86_64, r-oldrel-macos-arm64, r-oldrel-macos-x86_64