Last updated on 2022-04-24 03:52:23 CEST.
Flavor | Version | Tinstall | Tcheck | Ttotal | Status | Flags |
---|---|---|---|---|---|---|
r-devel-linux-x86_64-debian-clang | 0.1.0 | 2.14 | 30.50 | 32.64 | NOTE | |
r-devel-linux-x86_64-debian-gcc | 0.1.0 | 1.52 | 23.60 | 25.12 | NOTE | |
r-devel-linux-x86_64-fedora-clang | 0.1.0 | 39.54 | NOTE | |||
r-devel-linux-x86_64-fedora-gcc | 0.1.0 | 30.27 | NOTE | |||
r-patched-linux-x86_64 | 0.1.0 | 2.09 | 29.63 | 31.72 | NOTE | |
r-release-linux-x86_64 | 0.1.0 | 1.59 | 29.07 | 30.66 | NOTE | |
r-release-macos-arm64 | 0.1.0 | NOTE | ||||
r-release-macos-x86_64 | 0.1.0 | NOTE | ||||
r-release-windows-x86_64 | 0.1.0 | 13.00 | 46.00 | 59.00 | NOTE | |
r-oldrel-macos-arm64 | 0.1.0 | NOTE | ||||
r-oldrel-macos-x86_64 | 0.1.0 | NOTE | ||||
r-oldrel-windows-ix86+x86_64 | 0.1.0 | 4.00 | 28.00 | 32.00 | NOTE |
Version: 0.1.0
Check: LazyData
Result: NOTE
'LazyData' is specified without a 'data' directory
Flavors: r-devel-linux-x86_64-debian-clang, r-devel-linux-x86_64-debian-gcc, r-devel-linux-x86_64-fedora-clang, r-devel-linux-x86_64-fedora-gcc, r-patched-linux-x86_64, r-release-linux-x86_64, r-release-macos-arm64, r-release-macos-x86_64, r-release-windows-x86_64, r-oldrel-macos-arm64, r-oldrel-macos-x86_64, r-oldrel-windows-ix86+x86_64