Last updated on 2022-04-24 03:52:23 CEST.
Flavor | Version | Tinstall | Tcheck | Ttotal | Status | Flags |
---|---|---|---|---|---|---|
r-devel-linux-x86_64-debian-clang | 1.1.1 | 4.00 | 43.93 | 47.93 | OK | |
r-devel-linux-x86_64-debian-gcc | 1.1.1 | 2.72 | 33.33 | 36.05 | OK | |
r-devel-linux-x86_64-fedora-clang | 1.1.1 | 57.39 | NOTE | |||
r-devel-linux-x86_64-fedora-gcc | 1.1.1 | 46.63 | OK | |||
r-patched-linux-x86_64 | 1.1.1 | 3.79 | 41.60 | 45.39 | OK | |
r-release-linux-x86_64 | 1.1.1 | 2.34 | 43.84 | 46.18 | OK | |
r-release-macos-arm64 | 1.1.1 | NOTE | ||||
r-release-macos-x86_64 | 1.1.1 | NOTE | ||||
r-release-windows-x86_64 | 1.1.1 | 16.00 | 74.00 | 90.00 | NOTE | |
r-oldrel-macos-arm64 | 1.1.1 | NOTE | ||||
r-oldrel-macos-x86_64 | 1.1.1 | NOTE | ||||
r-oldrel-windows-ix86+x86_64 | 1.1.1 | 7.00 | 56.00 | 63.00 | NOTE |
Version: 1.1.1
Check: installed package size
Result: NOTE
installed size is 10.9Mb
sub-directories of 1Mb or more:
doc 10.8Mb
Flavors: r-devel-linux-x86_64-fedora-clang, r-release-macos-arm64, r-release-macos-x86_64, r-release-windows-x86_64, r-oldrel-macos-arm64, r-oldrel-macos-x86_64, r-oldrel-windows-ix86+x86_64