Last updated on 2022-04-24 03:52:23 CEST.
Flavor | Version | Tinstall | Tcheck | Ttotal | Status | Flags |
---|---|---|---|---|---|---|
r-devel-linux-x86_64-debian-clang | 0.1 | 2.80 | 37.32 | 40.12 | NOTE | |
r-devel-linux-x86_64-debian-gcc | 0.1 | 1.98 | 28.54 | 30.52 | NOTE | |
r-devel-linux-x86_64-fedora-clang | 0.1 | 47.35 | NOTE | |||
r-devel-linux-x86_64-fedora-gcc | 0.1 | 38.05 | NOTE | |||
r-patched-linux-x86_64 | 0.1 | 5.32 | 35.02 | 40.34 | NOTE | |
r-release-linux-x86_64 | 0.1 | 1.90 | 34.01 | 35.91 | NOTE | |
r-release-macos-arm64 | 0.1 | NOTE | ||||
r-release-macos-x86_64 | 0.1 | NOTE | ||||
r-release-windows-x86_64 | 0.1 | 10.00 | 57.00 | 67.00 | NOTE | |
r-oldrel-macos-arm64 | 0.1 | NOTE | ||||
r-oldrel-macos-x86_64 | 0.1 | NOTE | ||||
r-oldrel-windows-ix86+x86_64 | 0.1 | 7.00 | 41.00 | 48.00 | NOTE |
Version: 0.1
Check: LazyData
Result: NOTE
'LazyData' is specified without a 'data' directory
Flavors: r-devel-linux-x86_64-debian-clang, r-devel-linux-x86_64-debian-gcc, r-devel-linux-x86_64-fedora-clang, r-devel-linux-x86_64-fedora-gcc, r-patched-linux-x86_64, r-release-linux-x86_64, r-release-macos-arm64, r-release-macos-x86_64, r-release-windows-x86_64, r-oldrel-macos-arm64, r-oldrel-macos-x86_64, r-oldrel-windows-ix86+x86_64