Last updated on 2022-04-24 03:52:23 CEST.
Flavor | Version | Tinstall | Tcheck | Ttotal | Status | Flags |
---|---|---|---|---|---|---|
r-devel-linux-x86_64-debian-clang | 1.0.0 | 38.82 | 98.00 | 136.82 | OK | |
r-devel-linux-x86_64-debian-gcc | 1.0.0 | 28.35 | 73.04 | 101.39 | OK | |
r-devel-linux-x86_64-fedora-clang | 1.0.0 | 174.54 | NOTE | |||
r-devel-linux-x86_64-fedora-gcc | 1.0.0 | 163.73 | OK | |||
r-patched-linux-x86_64 | 1.0.0 | 29.09 | 93.04 | 122.13 | OK | |
r-release-linux-x86_64 | 1.0.0 | 29.67 | 88.07 | 117.74 | OK | |
r-release-macos-arm64 | 1.0.0 | OK | ||||
r-release-macos-x86_64 | 1.0.0 | OK | ||||
r-release-windows-x86_64 | 1.0.0 | 44.00 | 137.00 | 181.00 | OK | |
r-oldrel-macos-arm64 | 1.0.0 | OK | ||||
r-oldrel-macos-x86_64 | 1.0.0 | OK | ||||
r-oldrel-windows-ix86+x86_64 | 1.0.0 | 91.00 | 134.00 | 225.00 | OK |
Version: 1.0.0
Check: Rd cross-references
Result: NOTE
Undeclared package ‘RColorBrewer’ in Rd xrefs
Flavor: r-devel-linux-x86_64-fedora-clang