Last updated on 2022-04-24 03:52:23 CEST.
Flavor | Version | Tinstall | Tcheck | Ttotal | Status | Flags |
---|---|---|---|---|---|---|
r-devel-linux-x86_64-debian-clang | 0.6.29 | 8.83 | 39.03 | 47.86 | OK | |
r-devel-linux-x86_64-debian-gcc | 0.6.29 | 10.08 | 30.64 | 40.72 | OK | |
r-devel-linux-x86_64-fedora-clang | 0.6.29 | 64.31 | OK | |||
r-devel-linux-x86_64-fedora-gcc | 0.6.29 | 55.60 | OK | |||
r-patched-linux-x86_64 | 0.6.29 | 8.10 | 37.51 | 45.61 | OK | |
r-release-linux-x86_64 | 0.6.29 | 6.91 | 37.73 | 44.64 | OK | |
r-release-macos-arm64 | 0.6.29 | OK | ||||
r-release-macos-x86_64 | 0.6.29 | NOTE | ||||
r-release-windows-x86_64 | 0.6.29 | 44.00 | 62.00 | 106.00 | OK | |
r-oldrel-macos-arm64 | 0.6.29 | OK | ||||
r-oldrel-macos-x86_64 | 0.6.29 | NOTE | ||||
r-oldrel-windows-ix86+x86_64 | 0.6.29 | 32.00 | 57.00 | 89.00 | OK |
Version: 0.6.29
Check: re-building of vignette outputs
Result: NOTE
Error(s) in re-building vignettes:
...
--- re-building ‘sha1.md’ using mdweave_to_html
Cannot find pandoc. Not able to weave vignette.
Error: processing vignette 'sha1.md' failed with diagnostics:
Failed to locate ‘weave’ output file ‘sha1.pdf’ or ‘sha1.html’ for vignette with name ‘sha1’ and engine ‘simplermarkdown::mdweave_to_html’. The following files exist in working directory ‘/Volumes/Builds/packages/high-sierra-x86_64/results/4.1/digest.Rcheck/vign_test/digest/vignettes’: ‘sha1.md’ (7299 bytes), ‘water.css’ (1193 bytes)
--- failed re-building ‘sha1.md’
SUMMARY: processing the following file failed:
‘sha1.md’
Error: Vignette re-building failed.
Execution halted
Flavors: r-release-macos-x86_64, r-oldrel-macos-x86_64