Last updated on 2022-04-24 03:52:23 CEST.
Flavor | Version | Tinstall | Tcheck | Ttotal | Status | Flags |
---|---|---|---|---|---|---|
r-devel-linux-x86_64-debian-clang | 0.2.0 | 41.45 | 499.96 | 541.41 | OK | |
r-devel-linux-x86_64-debian-gcc | 0.2.0 | 37.01 | 367.55 | 404.56 | OK | |
r-devel-linux-x86_64-fedora-clang | 0.2.0 | 707.16 | OK | |||
r-devel-linux-x86_64-fedora-gcc | 0.2.0 | 689.19 | OK | |||
r-patched-linux-x86_64 | 0.2.0 | 47.13 | 461.40 | 508.53 | OK | |
r-release-linux-x86_64 | 0.2.0 | 37.77 | 457.60 | 495.37 | OK | |
r-release-macos-arm64 | 0.2.0 | ERROR | ||||
r-release-macos-x86_64 | 0.2.0 | OK | ||||
r-release-windows-x86_64 | 0.2.0 | 291.00 | 595.00 | 886.00 | OK | |
r-oldrel-macos-arm64 | 0.2.0 | ERROR | ||||
r-oldrel-macos-x86_64 | 0.2.0 | OK | ||||
r-oldrel-windows-ix86+x86_64 | 0.2.0 | 92.00 | 491.00 | 583.00 | OK |
Version: 0.2.0
Check: package dependencies
Result: ERROR
Package required but not available: ‘zinbwave’
See section ‘The DESCRIPTION file’ in the ‘Writing R Extensions’
manual.
Flavors: r-release-macos-arm64, r-oldrel-macos-arm64