Last updated on 2022-04-24 03:52:23 CEST.
Flavor | Version | Tinstall | Tcheck | Ttotal | Status | Flags |
---|---|---|---|---|---|---|
r-devel-linux-x86_64-debian-clang | 0.2.5 | 26.37 | 316.05 | 342.42 | OK | |
r-devel-linux-x86_64-debian-gcc | 0.2.5 | 18.08 | 226.28 | 244.36 | OK | |
r-devel-linux-x86_64-fedora-clang | 0.2.5 | 411.53 | NOTE | |||
r-devel-linux-x86_64-fedora-gcc | 0.2.5 | 402.92 | OK | |||
r-patched-linux-x86_64 | 0.2.5 | 24.60 | 285.69 | 310.29 | OK | |
r-release-linux-x86_64 | 0.2.5 | 23.84 | 276.50 | 300.34 | OK | |
r-release-macos-arm64 | 0.2.5 | NOTE | ||||
r-release-macos-x86_64 | 0.2.5 | OK | ||||
r-release-windows-x86_64 | 0.2.5 | 64.00 | 356.00 | 420.00 | OK | |
r-oldrel-macos-arm64 | 0.2.5 | NOTE | ||||
r-oldrel-macos-x86_64 | 0.2.5 | OK | ||||
r-oldrel-windows-ix86+x86_64 | 0.2.5 | 39.00 | 334.00 | 373.00 | OK |
Version: 0.2.5
Check: Rd cross-references
Result: NOTE
Undeclared package ‘CVST’ in Rd xrefs
Flavor: r-devel-linux-x86_64-fedora-clang
Version: 0.2.5
Check: package dependencies
Result: NOTE
Package suggested but not available for checking: ‘pcaL1’
Flavors: r-release-macos-arm64, r-oldrel-macos-arm64