Last updated on 2022-04-24 03:52:23 CEST.
Flavor | Version | Tinstall | Tcheck | Ttotal | Status | Flags |
---|---|---|---|---|---|---|
r-devel-linux-x86_64-debian-clang | 0.1-2 | 2.25 | 34.88 | 37.13 | NOTE | |
r-devel-linux-x86_64-debian-gcc | 0.1-2 | 1.55 | 26.90 | 28.45 | NOTE | |
r-devel-linux-x86_64-fedora-clang | 0.1-2 | 45.93 | NOTE | |||
r-devel-linux-x86_64-fedora-gcc | 0.1-2 | 36.11 | NOTE | |||
r-patched-linux-x86_64 | 0.1-2 | 2.19 | 34.11 | 36.30 | NOTE | |
r-release-linux-x86_64 | 0.1-2 | 1.84 | 34.04 | 35.88 | NOTE | |
r-release-macos-arm64 | 0.1-2 | NOTE | ||||
r-release-macos-x86_64 | 0.1-2 | NOTE | ||||
r-release-windows-x86_64 | 0.1-2 | 16.00 | 54.00 | 70.00 | NOTE | |
r-oldrel-macos-arm64 | 0.1-2 | NOTE | ||||
r-oldrel-macos-x86_64 | 0.1-2 | NOTE | ||||
r-oldrel-windows-ix86+x86_64 | 0.1-2 | 5.00 | 30.00 | 35.00 | NOTE |
Version: 0.1-2
Check: R code for possible problems
Result: NOTE
p.discrete.adjust : <anonymous>: no visible global function definition
for 'stepfun'
Undefined global functions or variables:
stepfun
Consider adding
importFrom("stats", "stepfun")
to your NAMESPACE file.
Flavors: r-devel-linux-x86_64-debian-clang, r-devel-linux-x86_64-debian-gcc, r-devel-linux-x86_64-fedora-clang, r-devel-linux-x86_64-fedora-gcc, r-patched-linux-x86_64, r-release-linux-x86_64, r-release-macos-arm64, r-release-macos-x86_64, r-release-windows-x86_64, r-oldrel-macos-arm64, r-oldrel-macos-x86_64, r-oldrel-windows-ix86+x86_64