Last updated on 2022-04-24 03:52:23 CEST.
Flavor | Version | Tinstall | Tcheck | Ttotal | Status | Flags |
---|---|---|---|---|---|---|
r-devel-linux-x86_64-debian-clang | 1.2.2 | 2.33 | 70.98 | 73.31 | NOTE | |
r-devel-linux-x86_64-debian-gcc | 1.2.2 | 2.49 | 51.09 | 53.58 | NOTE | |
r-devel-linux-x86_64-fedora-clang | 1.2.2 | 86.71 | NOTE | |||
r-devel-linux-x86_64-fedora-gcc | 1.2.2 | 80.90 | NOTE | |||
r-patched-linux-x86_64 | 1.2.2 | 4.18 | 67.04 | 71.22 | NOTE | |
r-release-linux-x86_64 | 1.2.2 | 3.51 | 40.03 | 43.54 | NOTE | |
r-release-macos-arm64 | 1.2.2 | NOTE | ||||
r-release-macos-x86_64 | 1.2.2 | NOTE | ||||
r-release-windows-x86_64 | 1.2.2 | 40.00 | 90.00 | 130.00 | NOTE | |
r-oldrel-macos-arm64 | 1.2.2 | NOTE | ||||
r-oldrel-macos-x86_64 | 1.2.2 | NOTE | ||||
r-oldrel-windows-ix86+x86_64 | 1.2.2 | 8.00 | 54.00 | 62.00 | NOTE |
Version: 1.2.2
Check: LazyData
Result: NOTE
'LazyData' is specified without a 'data' directory
Flavors: r-devel-linux-x86_64-debian-clang, r-devel-linux-x86_64-debian-gcc, r-devel-linux-x86_64-fedora-clang, r-devel-linux-x86_64-fedora-gcc, r-patched-linux-x86_64, r-release-linux-x86_64, r-release-macos-arm64, r-release-macos-x86_64, r-release-windows-x86_64, r-oldrel-macos-arm64, r-oldrel-macos-x86_64, r-oldrel-windows-ix86+x86_64