Last updated on 2022-04-24 03:52:23 CEST.
Flavor | Version | Tinstall | Tcheck | Ttotal | Status | Flags |
---|---|---|---|---|---|---|
r-devel-linux-x86_64-debian-clang | 0.0.7 | 68.97 | 54.57 | 123.54 | NOTE | |
r-devel-linux-x86_64-debian-gcc | 0.0.7 | 53.60 | 41.54 | 95.14 | NOTE | |
r-devel-linux-x86_64-fedora-clang | 0.0.7 | 180.75 | NOTE | |||
r-devel-linux-x86_64-fedora-gcc | 0.0.7 | 150.37 | NOTE | |||
r-patched-linux-x86_64 | 0.0.7 | 56.07 | 53.17 | 109.24 | NOTE | |
r-release-linux-x86_64 | 0.0.7 | 54.37 | 50.43 | 104.80 | NOTE | |
r-release-macos-arm64 | 0.0.7 | NOTE | ||||
r-release-macos-x86_64 | 0.0.7 | NOTE | ||||
r-release-windows-x86_64 | 0.0.7 | 163.00 | 92.00 | 255.00 | NOTE | |
r-oldrel-macos-arm64 | 0.0.7 | NOTE | ||||
r-oldrel-macos-x86_64 | 0.0.7 | NOTE | ||||
r-oldrel-windows-ix86+x86_64 | 0.0.7 | 137.00 | 101.00 | 238.00 | NOTE |
Version: 0.0.7
Check: LazyData
Result: NOTE
'LazyData' is specified without a 'data' directory
Flavors: r-devel-linux-x86_64-debian-clang, r-devel-linux-x86_64-debian-gcc, r-devel-linux-x86_64-fedora-clang, r-devel-linux-x86_64-fedora-gcc, r-patched-linux-x86_64, r-release-linux-x86_64, r-release-macos-arm64, r-release-macos-x86_64, r-release-windows-x86_64, r-oldrel-macos-arm64, r-oldrel-macos-x86_64, r-oldrel-windows-ix86+x86_64
Version: 0.0.7
Check: installed package size
Result: NOTE
installed size is 8.1Mb
sub-directories of 1Mb or more:
libs 8.0Mb
Flavors: r-devel-linux-x86_64-fedora-clang, r-release-macos-arm64, r-release-macos-x86_64, r-oldrel-macos-arm64, r-oldrel-macos-x86_64