Last updated on 2022-04-24 03:52:23 CEST.
Flavor | Version | Tinstall | Tcheck | Ttotal | Status | Flags |
---|---|---|---|---|---|---|
r-devel-linux-x86_64-debian-clang | 1.0-1 | 2.58 | 42.97 | 45.55 | NOTE | |
r-devel-linux-x86_64-debian-gcc | 1.0-1 | 2.18 | 31.64 | 33.82 | NOTE | |
r-devel-linux-x86_64-fedora-clang | 1.0-1 | 54.80 | NOTE | |||
r-devel-linux-x86_64-fedora-gcc | 1.0-1 | 45.68 | NOTE | |||
r-patched-linux-x86_64 | 1.0-1 | 3.17 | 40.76 | 43.93 | NOTE | |
r-release-linux-x86_64 | 1.0-1 | 2.23 | 40.25 | 42.48 | NOTE | |
r-release-macos-arm64 | 1.0-1 | NOTE | ||||
r-release-macos-x86_64 | 1.0-1 | NOTE | ||||
r-release-windows-x86_64 | 1.0-1 | 61.00 | 54.00 | 115.00 | NOTE | |
r-oldrel-macos-arm64 | 1.0-1 | NOTE | ||||
r-oldrel-macos-x86_64 | 1.0-1 | NOTE | ||||
r-oldrel-windows-ix86+x86_64 | 1.0-1 | 6.00 | 35.00 | 41.00 | NOTE |
Version: 1.0-1
Check: DESCRIPTION meta-information
Result: NOTE
Malformed Title field: should not end in a period.
Flavors: r-devel-linux-x86_64-debian-clang, r-devel-linux-x86_64-debian-gcc, r-devel-linux-x86_64-fedora-clang, r-devel-linux-x86_64-fedora-gcc, r-patched-linux-x86_64, r-release-linux-x86_64, r-release-macos-arm64, r-release-macos-x86_64, r-release-windows-x86_64, r-oldrel-macos-arm64, r-oldrel-macos-x86_64, r-oldrel-windows-ix86+x86_64
Version: 1.0-1
Check: R code for possible problems
Result: NOTE
value: no visible global function definition for 'qchisq'
Undefined global functions or variables:
qchisq
Consider adding
importFrom("stats", "qchisq")
to your NAMESPACE file.
Flavors: r-devel-linux-x86_64-debian-clang, r-devel-linux-x86_64-debian-gcc, r-devel-linux-x86_64-fedora-clang, r-devel-linux-x86_64-fedora-gcc, r-patched-linux-x86_64, r-release-linux-x86_64, r-release-macos-arm64, r-release-macos-x86_64, r-release-windows-x86_64, r-oldrel-macos-arm64, r-oldrel-macos-x86_64, r-oldrel-windows-ix86+x86_64