Last updated on 2022-04-24 03:52:23 CEST.
Flavor | Version | Tinstall | Tcheck | Ttotal | Status | Flags |
---|---|---|---|---|---|---|
r-devel-linux-x86_64-debian-clang | 1.0-0 | 2.83 | 66.62 | 69.45 | OK | |
r-devel-linux-x86_64-debian-gcc | 1.0-0 | 2.17 | 50.01 | 52.18 | OK | |
r-devel-linux-x86_64-fedora-clang | 1.0-0 | 86.64 | NOTE | |||
r-devel-linux-x86_64-fedora-gcc | 1.0-0 | 69.83 | OK | |||
r-patched-linux-x86_64 | 1.0-0 | 2.36 | 64.24 | 66.60 | OK | |
r-release-linux-x86_64 | 1.0-0 | 2.79 | 62.87 | 65.66 | OK | |
r-release-macos-arm64 | 1.0-0 | NOTE | ||||
r-release-macos-x86_64 | 1.0-0 | NOTE | ||||
r-release-windows-x86_64 | 1.0-0 | 34.00 | 91.00 | 125.00 | NOTE | |
r-oldrel-macos-arm64 | 1.0-0 | NOTE | ||||
r-oldrel-macos-x86_64 | 1.0-0 | NOTE | ||||
r-oldrel-windows-ix86+x86_64 | 1.0-0 | 6.00 | 74.00 | 80.00 | NOTE |
Version: 1.0-0
Check: installed package size
Result: NOTE
installed size is 5.7Mb
sub-directories of 1Mb or more:
extdata 4.2Mb
Flavors: r-devel-linux-x86_64-fedora-clang, r-release-macos-arm64, r-release-macos-x86_64, r-release-windows-x86_64, r-oldrel-macos-arm64, r-oldrel-macos-x86_64, r-oldrel-windows-ix86+x86_64