Last updated on 2022-04-24 03:52:23 CEST.
Flavor | Version | Tinstall | Tcheck | Ttotal | Status | Flags |
---|---|---|---|---|---|---|
r-devel-linux-x86_64-debian-clang | 0.4.3 | 86.79 | 373.82 | 460.61 | OK | |
r-devel-linux-x86_64-debian-gcc | 0.4.3 | 71.94 | 271.26 | 343.20 | OK | |
r-devel-linux-x86_64-fedora-clang | 0.4.3 | 551.71 | OK | |||
r-devel-linux-x86_64-fedora-gcc | 0.4.3 | 576.76 | OK | |||
r-patched-linux-x86_64 | 0.4.3 | 76.82 | 356.08 | 432.90 | OK | |
r-release-linux-x86_64 | 0.4.3 | 79.70 | 356.64 | 436.34 | OK | |
r-release-macos-arm64 | 0.4.3 | NOTE | ||||
r-release-macos-x86_64 | 0.4.3 | NOTE | ||||
r-release-windows-x86_64 | 0.4.3 | 118.00 | 471.00 | 589.00 | OK | |
r-oldrel-macos-arm64 | 0.4.3 | NOTE | ||||
r-oldrel-macos-x86_64 | 0.4.3 | NOTE | ||||
r-oldrel-windows-ix86+x86_64 | 0.4.3 | 153.00 | 550.00 | 703.00 | NOTE |
Version: 0.4.3
Check: installed package size
Result: NOTE
installed size is 6.6Mb
sub-directories of 1Mb or more:
doc 1.0Mb
libs 3.9Mb
Flavors: r-release-macos-arm64, r-release-macos-x86_64, r-oldrel-macos-arm64, r-oldrel-macos-x86_64, r-oldrel-windows-ix86+x86_64