Last updated on 2022-04-24 03:52:23 CEST.
Flavor | Version | Tinstall | Tcheck | Ttotal | Status | Flags |
---|---|---|---|---|---|---|
r-devel-linux-x86_64-debian-clang | 1.3-5 | 43.83 | 329.62 | 373.45 | WARN | |
r-devel-linux-x86_64-debian-gcc | 1.3-5 | 44.95 | 242.75 | 287.70 | OK | |
r-devel-linux-x86_64-fedora-clang | 1.3-5 | 471.37 | WARN | |||
r-devel-linux-x86_64-fedora-gcc | 1.3-5 | 449.63 | NOTE | |||
r-patched-linux-x86_64 | 1.3-5 | 52.53 | 315.15 | 367.68 | OK | |
r-release-linux-x86_64 | 1.3-5 | 52.71 | 291.72 | 344.43 | OK | |
r-release-macos-arm64 | 1.3-5 | NOTE | ||||
r-release-macos-x86_64 | 1.3-5 | NOTE | ||||
r-release-windows-x86_64 | 1.3-5 | 80.00 | 335.00 | 415.00 | OK | --no-vignettes |
r-oldrel-macos-arm64 | 1.3-5 | NOTE | ||||
r-oldrel-macos-x86_64 | 1.3-5 | NOTE | ||||
r-oldrel-windows-ix86+x86_64 | 1.3-5 | 116.00 | 450.00 | 566.00 | OK | --no-vignettes |
Version: 1.3-5
Check: whether package can be installed
Result: WARN
Found the following significant warnings:
percRank.cpp:21:16: warning: use of bitwise '|' with boolean operands [-Wbitwise-instead-of-logical]
Flavors: r-devel-linux-x86_64-debian-clang, r-devel-linux-x86_64-fedora-clang
Version: 1.3-5
Check: data for non-ASCII characters
Result: NOTE
Note: found 106 marked UTF-8 strings
Flavors: r-devel-linux-x86_64-fedora-clang, r-devel-linux-x86_64-fedora-gcc, r-release-macos-arm64, r-release-macos-x86_64, r-oldrel-macos-arm64, r-oldrel-macos-x86_64