Last updated on 2022-04-24 03:52:23 CEST.
Flavor | Version | Tinstall | Tcheck | Ttotal | Status | Flags |
---|---|---|---|---|---|---|
r-devel-linux-x86_64-debian-clang | 1.0.0 | 5.39 | 189.36 | 194.75 | OK | |
r-devel-linux-x86_64-debian-gcc | 1.0.0 | 3.94 | 134.13 | 138.07 | OK | |
r-devel-linux-x86_64-fedora-clang | 1.0.0 | 235.48 | OK | |||
r-devel-linux-x86_64-fedora-gcc | 1.0.0 | 216.87 | OK | |||
r-patched-linux-x86_64 | 1.0.0 | 5.56 | 171.16 | 176.72 | OK | |
r-release-linux-x86_64 | 1.0.0 | 5.66 | 175.59 | 181.25 | OK | |
r-release-macos-arm64 | 1.0.0 | ERROR | ||||
r-release-macos-x86_64 | 1.0.0 | ERROR | ||||
r-release-windows-x86_64 | 1.0.0 | 110.00 | 216.00 | 326.00 | OK | |
r-oldrel-macos-arm64 | 1.0.0 | ERROR | ||||
r-oldrel-macos-x86_64 | 1.0.0 | ERROR | ||||
r-oldrel-windows-ix86+x86_64 | 1.0.0 | 10.00 | 209.00 | 219.00 | OK |
Version: 1.0.0
Check: tests
Result: ERROR
Running ‘testthat.R’ [4s/4s]
Running the tests in ‘tests/testthat.R’ failed.
Last 13 lines of output:
realized_duration(...) not equal to c(...).
1/4 mismatches
[1] 29 - 28 == 1
── Failure (test-realized_duration.R:158:2): realized_duration works (realized_only = TRUE) ──
realized_duration(...) not equal to c(...).
1/4 mismatches
[2] 29 - 28 == 1
── Failure (test-realized_duration.R:161:2): realized_duration works (realized_only = TRUE) ──
realized_duration(...) not equal to c(...).
1/4 mismatches
[1] 29 - 28 == 1
[ FAIL 36 | WARN 0 | SKIP 0 | PASS 331 ]
Error: Test failures
Execution halted
Flavors: r-release-macos-arm64, r-oldrel-macos-arm64
Version: 1.0.0
Check: tests
Result: ERROR
Running ‘testthat.R’ [6s/6s]
Running the tests in ‘tests/testthat.R’ failed.
Last 13 lines of output:
realized_duration(...) not equal to c(...).
1/4 mismatches
[1] 31 - 28 == 3
── Failure (test-realized_duration.R:158:2): realized_duration works (realized_only = TRUE) ──
realized_duration(...) not equal to c(...).
1/4 mismatches
[2] 31 - 28 == 3
── Failure (test-realized_duration.R:161:2): realized_duration works (realized_only = TRUE) ──
realized_duration(...) not equal to c(...).
1/4 mismatches
[1] 31 - 28 == 3
[ FAIL 36 | WARN 0 | SKIP 0 | PASS 331 ]
Error: Test failures
Execution halted
Flavors: r-release-macos-x86_64, r-oldrel-macos-x86_64