Last updated on 2022-04-24 03:52:23 CEST.
Flavor | Version | Tinstall | Tcheck | Ttotal | Status | Flags |
---|---|---|---|---|---|---|
r-devel-linux-x86_64-debian-clang | 1.0 | 9.38 | 31.89 | 41.27 | NOTE | |
r-devel-linux-x86_64-debian-gcc | 1.0 | 7.72 | 24.86 | 32.58 | NOTE | |
r-devel-linux-x86_64-fedora-clang | 1.0 | 57.63 | NOTE | |||
r-devel-linux-x86_64-fedora-gcc | 1.0 | 42.25 | NOTE | |||
r-patched-linux-x86_64 | 1.0 | 8.23 | 31.62 | 39.85 | NOTE | |
r-release-linux-x86_64 | 1.0 | 8.21 | 30.83 | 39.04 | NOTE | |
r-release-macos-arm64 | 1.0 | NOTE | ||||
r-release-macos-x86_64 | 1.0 | NOTE | ||||
r-release-windows-x86_64 | 1.0 | 29.00 | 57.00 | 86.00 | NOTE | |
r-oldrel-macos-arm64 | 1.0 | NOTE | ||||
r-oldrel-macos-x86_64 | 1.0 | NOTE | ||||
r-oldrel-windows-ix86+x86_64 | 1.0 | 23.00 | 48.00 | 71.00 | NOTE |
Version: 1.0
Check: R code for possible problems
Result: NOTE
densest: no visible global function definition for 'weighted.mean'
diss: no visible global function definition for 'cov'
neighbors: no visible global function definition for 'cov'
Undefined global functions or variables:
cov weighted.mean
Consider adding
importFrom("stats", "cov", "weighted.mean")
to your NAMESPACE file.
Flavors: r-devel-linux-x86_64-debian-clang, r-devel-linux-x86_64-debian-gcc, r-devel-linux-x86_64-fedora-clang, r-devel-linux-x86_64-fedora-gcc, r-patched-linux-x86_64, r-release-linux-x86_64, r-release-macos-arm64, r-release-macos-x86_64, r-release-windows-x86_64, r-oldrel-macos-arm64, r-oldrel-macos-x86_64, r-oldrel-windows-ix86+x86_64
Version: 1.0
Check: compiled code
Result: NOTE
File ‘dissUtils/libs/dissUtils.so’:
Found no calls to: ‘R_registerRoutines’, ‘R_useDynamicSymbols’
It is good practice to register native routines and to disable symbol
search.
See ‘Writing portable packages’ in the ‘Writing R Extensions’ manual.
Flavors: r-devel-linux-x86_64-fedora-clang, r-devel-linux-x86_64-fedora-gcc