Last updated on 2022-04-24 03:52:23 CEST.
Flavor | Version | Tinstall | Tcheck | Ttotal | Status | Flags |
---|---|---|---|---|---|---|
r-devel-linux-x86_64-debian-clang | 1.0.3 | 2.10 | 36.66 | 38.76 | NOTE | |
r-devel-linux-x86_64-debian-gcc | 1.0.3 | 1.33 | 27.60 | 28.93 | NOTE | |
r-devel-linux-x86_64-fedora-clang | 1.0.3 | 46.99 | NOTE | |||
r-devel-linux-x86_64-fedora-gcc | 1.0.3 | 36.10 | NOTE | |||
r-patched-linux-x86_64 | 1.0.3 | 1.61 | 34.77 | 36.38 | NOTE | |
r-release-linux-x86_64 | 1.0.3 | 1.86 | 33.34 | 35.20 | NOTE | |
r-release-macos-arm64 | 1.0.3 | NOTE | ||||
r-release-macos-x86_64 | 1.0.3 | NOTE | ||||
r-release-windows-x86_64 | 1.0.3 | 15.00 | 53.00 | 68.00 | NOTE | |
r-oldrel-macos-arm64 | 1.0.3 | NOTE | ||||
r-oldrel-macos-x86_64 | 1.0.3 | NOTE | ||||
r-oldrel-windows-ix86+x86_64 | 1.0.3 | 4.00 | 41.00 | 45.00 | NOTE |
Version: 1.0.3
Check: LazyData
Result: NOTE
'LazyData' is specified without a 'data' directory
Flavors: r-devel-linux-x86_64-debian-clang, r-devel-linux-x86_64-debian-gcc, r-devel-linux-x86_64-fedora-clang, r-devel-linux-x86_64-fedora-gcc, r-patched-linux-x86_64, r-release-linux-x86_64, r-release-macos-arm64, r-release-macos-x86_64, r-release-windows-x86_64, r-oldrel-macos-arm64, r-oldrel-macos-x86_64, r-oldrel-windows-ix86+x86_64