Last updated on 2022-04-24 03:52:23 CEST.
Flavor | Version | Tinstall | Tcheck | Ttotal | Status | Flags |
---|---|---|---|---|---|---|
r-devel-linux-x86_64-debian-clang | 2.8.0 | 43.56 | 244.02 | 287.58 | OK | |
r-devel-linux-x86_64-debian-gcc | 2.8.0 | 30.91 | 178.97 | 209.88 | OK | |
r-devel-linux-x86_64-fedora-clang | 2.8.0 | 264.22 | NOTE | |||
r-devel-linux-x86_64-fedora-gcc | 2.8.0 | 266.30 | OK | |||
r-patched-linux-x86_64 | 2.8.0 | 45.66 | 233.30 | 278.96 | OK | |
r-release-linux-x86_64 | 2.8.0 | 33.47 | 228.67 | 262.14 | OK | |
r-release-macos-arm64 | 2.8.0 | OK | ||||
r-release-macos-x86_64 | 2.8.0 | OK | ||||
r-release-windows-x86_64 | 2.8.0 | 195.00 | 282.00 | 477.00 | OK | |
r-oldrel-macos-arm64 | 2.8.0 | OK | ||||
r-oldrel-macos-x86_64 | 2.8.0 | OK | ||||
r-oldrel-windows-ix86+x86_64 | 2.8.0 | 62.00 | 440.00 | 502.00 | OK |
Version: 2.8.0
Check: Rd cross-references
Result: NOTE
Undeclared packages ‘distrMod’, ‘RobAStBase’ in Rd xrefs
Flavor: r-devel-linux-x86_64-fedora-clang