Last updated on 2022-04-24 03:52:23 CEST.
Flavor | Version | Tinstall | Tcheck | Ttotal | Status | Flags |
---|---|---|---|---|---|---|
r-devel-linux-x86_64-debian-clang | 1.6.9 | 135.47 | 452.76 | 588.23 | OK | |
r-devel-linux-x86_64-debian-gcc | 1.6.9 | 113.22 | 317.35 | 430.57 | OK | |
r-devel-linux-x86_64-fedora-clang | 1.6.9 | 768.42 | NOTE | |||
r-devel-linux-x86_64-fedora-gcc | 1.6.9 | 722.30 | OK | |||
r-patched-linux-x86_64 | 1.6.9 | 147.28 | 418.15 | 565.43 | OK | |
r-release-linux-x86_64 | 1.6.9 | 125.46 | 405.17 | 530.63 | OK | |
r-release-macos-arm64 | 1.6.9 | NOTE | ||||
r-release-macos-x86_64 | 1.6.9 | NOTE | ||||
r-release-windows-x86_64 | 1.6.9 | 225.00 | 486.00 | 711.00 | NOTE | |
r-oldrel-macos-arm64 | 1.6.9 | NOTE | ||||
r-oldrel-macos-x86_64 | 1.6.9 | NOTE | ||||
r-oldrel-windows-ix86+x86_64 | 1.6.9 | 248.00 | 857.00 | 1105.00 | NOTE |
Version: 1.6.9
Check: installed package size
Result: NOTE
installed size is 6.8Mb
sub-directories of 1Mb or more:
R 3.7Mb
help 1.2Mb
libs 1.7Mb
Flavors: r-devel-linux-x86_64-fedora-clang, r-release-macos-arm64, r-release-macos-x86_64, r-release-windows-x86_64, r-oldrel-macos-arm64, r-oldrel-macos-x86_64, r-oldrel-windows-ix86+x86_64