Last updated on 2022-04-24 03:52:23 CEST.
Flavor | Version | Tinstall | Tcheck | Ttotal | Status | Flags |
---|---|---|---|---|---|---|
r-devel-linux-x86_64-debian-clang | 2.8.4 | 49.54 | 214.06 | 263.60 | OK | |
r-devel-linux-x86_64-debian-gcc | 2.8.4 | 41.08 | 158.26 | 199.34 | OK | |
r-devel-linux-x86_64-fedora-clang | 2.8.4 | 348.76 | NOTE | |||
r-devel-linux-x86_64-fedora-gcc | 2.8.4 | 328.18 | OK | |||
r-patched-linux-x86_64 | 2.8.4 | 56.53 | 204.84 | 261.37 | OK | |
r-release-linux-x86_64 | 2.8.4 | 41.54 | 196.02 | 237.56 | OK | |
r-release-macos-arm64 | 2.8.4 | OK | ||||
r-release-macos-x86_64 | 2.8.4 | OK | ||||
r-release-windows-x86_64 | 2.8.4 | 204.00 | 268.00 | 472.00 | OK | |
r-oldrel-macos-arm64 | 2.8.4 | OK | ||||
r-oldrel-macos-x86_64 | 2.8.4 | OK | ||||
r-oldrel-windows-ix86+x86_64 | 2.8.4 | 81.00 | 250.00 | 331.00 | OK |
Version: 2.8.4
Check: Rd cross-references
Result: NOTE
Undeclared package ‘RobAStBase’ in Rd xrefs
Flavor: r-devel-linux-x86_64-fedora-clang