Last updated on 2022-04-24 03:52:23 CEST.
Flavor | Version | Tinstall | Tcheck | Ttotal | Status | Flags |
---|---|---|---|---|---|---|
r-devel-linux-x86_64-debian-clang | 2.8.0 | 26.41 | 71.12 | 97.53 | NOTE | |
r-devel-linux-x86_64-debian-gcc | 2.8.0 | 17.81 | 53.56 | 71.37 | NOTE | |
r-devel-linux-x86_64-fedora-clang | 2.8.0 | 112.51 | NOTE | |||
r-devel-linux-x86_64-fedora-gcc | 2.8.0 | 106.79 | NOTE | |||
r-patched-linux-x86_64 | 2.8.0 | 24.41 | 67.24 | 91.65 | NOTE | |
r-release-linux-x86_64 | 2.8.0 | 19.93 | 63.33 | 83.26 | NOTE | |
r-release-macos-arm64 | 2.8.0 | OK | ||||
r-release-macos-x86_64 | 2.8.0 | OK | ||||
r-release-windows-x86_64 | 2.8.0 | 81.00 | 84.00 | 165.00 | OK | |
r-oldrel-macos-arm64 | 2.8.0 | OK | ||||
r-oldrel-macos-x86_64 | 2.8.0 | OK | ||||
r-oldrel-windows-ix86+x86_64 | 2.8.0 | 34.00 | 76.00 | 110.00 | OK |
Version: 2.8.0
Check: for non-standard things in the check directory
Result: NOTE
Found the following files/directories:
'csim' 'xyz' 'xyz.sav' 'xyz.sav.comment'
Flavors: r-devel-linux-x86_64-debian-clang, r-devel-linux-x86_64-debian-gcc, r-devel-linux-x86_64-fedora-clang, r-devel-linux-x86_64-fedora-gcc, r-patched-linux-x86_64, r-release-linux-x86_64
Version: 2.8.0
Check: Rd cross-references
Result: NOTE
Undeclared package ‘distrTEst’ in Rd xrefs
Flavor: r-devel-linux-x86_64-fedora-clang