Last updated on 2022-04-24 03:52:23 CEST.
Flavor | Version | Tinstall | Tcheck | Ttotal | Status | Flags |
---|---|---|---|---|---|---|
r-devel-linux-x86_64-debian-clang | 2.8.0 | 5.88 | 82.64 | 88.52 | WARN | |
r-devel-linux-x86_64-debian-gcc | 2.8.1 | 4.43 | 62.05 | 66.48 | OK | |
r-devel-linux-x86_64-fedora-clang | 2.8.1 | 111.19 | OK | |||
r-devel-linux-x86_64-fedora-gcc | 2.8.1 | 97.32 | OK | |||
r-patched-linux-x86_64 | 2.8.1 | 5.46 | 79.00 | 84.46 | OK | |
r-release-linux-x86_64 | 2.8.0 | 5.00 | 73.71 | 78.71 | OK | |
r-release-macos-arm64 | 2.8.0 | OK | ||||
r-release-macos-x86_64 | 2.8.0 | OK | ||||
r-release-windows-x86_64 | 2.8.0 | 23.00 | 95.00 | 118.00 | OK | |
r-oldrel-macos-arm64 | 2.8.0 | OK | ||||
r-oldrel-macos-x86_64 | 2.8.0 | OK | ||||
r-oldrel-windows-ix86+x86_64 | 2.8.0 | 13.00 | 88.00 | 101.00 | OK |
Version: 2.8.0
Check: Rd files
Result: WARN
checkRd: (7) 0distrTeach-package.Rd:99: invalid email address: anja\_h86@web.de
Flavor: r-devel-linux-x86_64-debian-clang