Last updated on 2022-04-24 03:52:23 CEST.
Flavor | Version | Tinstall | Tcheck | Ttotal | Status | Flags |
---|---|---|---|---|---|---|
r-devel-linux-x86_64-debian-clang | 0.1.3 | 6.29 | 126.24 | 132.53 | NOTE | |
r-devel-linux-x86_64-debian-gcc | 0.1.3 | 4.45 | 95.40 | 99.85 | NOTE | |
r-devel-linux-x86_64-fedora-clang | 0.1.3 | 156.69 | NOTE | |||
r-devel-linux-x86_64-fedora-gcc | 0.1.3 | 152.21 | NOTE | |||
r-patched-linux-x86_64 | 0.1.3 | 12.35 | 121.31 | 133.66 | NOTE | |
r-release-linux-x86_64 | 0.1.3 | 5.81 | 122.16 | 127.97 | NOTE | |
r-release-macos-arm64 | 0.1.3 | NOTE | ||||
r-release-macos-x86_64 | 0.1.3 | NOTE | ||||
r-release-windows-x86_64 | 0.1.3 | 50.00 | 162.00 | 212.00 | NOTE | |
r-oldrel-macos-arm64 | 0.1.3 | NOTE | ||||
r-oldrel-macos-x86_64 | 0.1.3 | NOTE | ||||
r-oldrel-windows-ix86+x86_64 | 0.1.3 | 20.00 | 224.00 | 244.00 | NOTE |
Version: 0.1.3
Check: LazyData
Result: NOTE
'LazyData' is specified without a 'data' directory
Flavors: r-devel-linux-x86_64-debian-clang, r-devel-linux-x86_64-debian-gcc, r-devel-linux-x86_64-fedora-clang, r-devel-linux-x86_64-fedora-gcc, r-patched-linux-x86_64, r-release-linux-x86_64, r-release-macos-arm64, r-release-macos-x86_64, r-release-windows-x86_64, r-oldrel-macos-arm64, r-oldrel-macos-x86_64, r-oldrel-windows-ix86+x86_64