Last updated on 2022-04-24 03:52:23 CEST.
Flavor | Version | Tinstall | Tcheck | Ttotal | Status | Flags |
---|---|---|---|---|---|---|
r-devel-linux-x86_64-debian-clang | 0.3.1 | 12.56 | 106.49 | 119.05 | OK | |
r-devel-linux-x86_64-debian-gcc | 0.3.1 | 8.57 | 77.78 | 86.35 | OK | |
r-devel-linux-x86_64-fedora-clang | 0.3.1 | 141.97 | NOTE | |||
r-devel-linux-x86_64-fedora-gcc | 0.3.1 | 131.19 | NOTE | |||
r-patched-linux-x86_64 | 0.3.1 | 8.74 | 98.15 | 106.89 | OK | |
r-release-linux-x86_64 | 0.3.1 | 6.50 | 92.41 | 98.91 | OK | |
r-release-macos-arm64 | 0.3.1 | NOTE | ||||
r-release-macos-x86_64 | 0.3.1 | NOTE | ||||
r-release-windows-x86_64 | 0.3.1 | 69.00 | 114.00 | 183.00 | OK | |
r-oldrel-macos-arm64 | 0.3.1 | NOTE | ||||
r-oldrel-macos-x86_64 | 0.3.1 | NOTE | ||||
r-oldrel-windows-ix86+x86_64 | 0.3.1 | 27.00 | 112.00 | 139.00 | OK |
Version: 0.3.1
Check: dependencies in R code
Result: NOTE
Namespaces in Imports field not imported from:
‘gridExtra’ ‘plotly’ ‘pryr’ ‘rpart’
All declared Imports should be used.
Flavors: r-devel-linux-x86_64-fedora-clang, r-devel-linux-x86_64-fedora-gcc, r-release-macos-arm64, r-release-macos-x86_64, r-oldrel-macos-arm64, r-oldrel-macos-x86_64