Last updated on 2022-04-24 03:52:23 CEST.
Flavor | Version | Tinstall | Tcheck | Ttotal | Status | Flags |
---|---|---|---|---|---|---|
r-devel-linux-x86_64-debian-clang | 0.1.2 | 8.85 | 102.79 | 111.64 | OK | |
r-devel-linux-x86_64-debian-gcc | 0.1.2 | 7.66 | 77.64 | 85.30 | OK | |
r-devel-linux-x86_64-fedora-clang | 0.1.2 | 140.00 | NOTE | |||
r-devel-linux-x86_64-fedora-gcc | 0.1.2 | 134.40 | NOTE | |||
r-patched-linux-x86_64 | 0.1.2 | 9.03 | 97.91 | 106.94 | OK | |
r-release-linux-x86_64 | 0.1.2 | 7.78 | 84.74 | 92.52 | OK | |
r-release-macos-arm64 | 0.1.2 | NOTE | ||||
r-release-macos-x86_64 | 0.1.2 | NOTE | ||||
r-release-windows-x86_64 | 0.1.2 | 12.00 | 105.00 | 117.00 | OK | |
r-oldrel-macos-arm64 | 0.1.2 | NOTE | ||||
r-oldrel-macos-x86_64 | 0.1.2 | NOTE | ||||
r-oldrel-windows-ix86+x86_64 | 0.1.2 | 24.00 | 97.00 | 121.00 | OK |
Version: 0.1.2
Check: dependencies in R code
Result: NOTE
Namespaces in Imports field not imported from:
‘ggmulti’ ‘loon’ ‘loon.data’ ‘loon.ggplot’ ‘loon.shiny’ ‘loon.tourr’
‘stats’ ‘zenplots’
All declared Imports should be used.
Flavors: r-devel-linux-x86_64-fedora-clang, r-devel-linux-x86_64-fedora-gcc, r-release-macos-arm64, r-release-macos-x86_64, r-oldrel-macos-arm64, r-oldrel-macos-x86_64