Last updated on 2022-04-24 03:52:23 CEST.
Flavor | Version | Tinstall | Tcheck | Ttotal | Status | Flags |
---|---|---|---|---|---|---|
r-devel-linux-x86_64-debian-clang | 0.3.3 | 141.31 | 140.00 | 281.31 | WARN | |
r-devel-linux-x86_64-debian-gcc | 0.3.3 | 132.69 | 102.77 | 235.46 | NOTE | |
r-devel-linux-x86_64-fedora-clang | 0.3.3 | 440.44 | WARN | |||
r-devel-linux-x86_64-fedora-gcc | 0.3.3 | 387.54 | NOTE | |||
r-patched-linux-x86_64 | 0.3.3 | 130.37 | 130.21 | 260.58 | NOTE | |
r-release-linux-x86_64 | 0.3.3 | 117.71 | 121.96 | 239.67 | NOTE | |
r-release-macos-arm64 | 0.3.3 | NOTE | ||||
r-release-macos-x86_64 | 0.3.3 | NOTE | ||||
r-release-windows-x86_64 | 0.3.3 | 147.00 | 167.00 | 314.00 | NOTE | |
r-oldrel-macos-arm64 | 0.3.3 | NOTE | ||||
r-oldrel-macos-x86_64 | 0.3.3 | NOTE | ||||
r-oldrel-windows-ix86+x86_64 | 0.3.3 | 364.00 | 185.00 | 549.00 | NOTE |
Version: 0.3.3
Check: package dependencies
Result: NOTE
Package suggested but not available for checking: 'BOLTSSIRR'
Flavors: r-devel-linux-x86_64-debian-clang, r-devel-linux-x86_64-debian-gcc, r-devel-linux-x86_64-fedora-clang, r-devel-linux-x86_64-fedora-gcc, r-patched-linux-x86_64, r-release-linux-x86_64, r-release-macos-arm64, r-release-macos-x86_64, r-release-windows-x86_64, r-oldrel-macos-arm64, r-oldrel-macos-x86_64, r-oldrel-windows-ix86+x86_64
Version: 0.3.3
Check: whether package can be installed
Result: WARN
Found the following significant warnings:
Forest.cpp:357:9: warning: use of bitwise '&' with boolean operands [-Wbitwise-instead-of-logical]
Flavors: r-devel-linux-x86_64-debian-clang, r-devel-linux-x86_64-fedora-clang
Version: 0.3.3
Check: installed package size
Result: NOTE
installed size is 6.8Mb
sub-directories of 1Mb or more:
libs 6.3Mb
Flavors: r-devel-linux-x86_64-fedora-clang, r-release-macos-arm64, r-release-macos-x86_64, r-oldrel-macos-arm64, r-oldrel-macos-x86_64