Last updated on 2022-04-24 03:52:23 CEST.
Flavor | Version | Tinstall | Tcheck | Ttotal | Status | Flags |
---|---|---|---|---|---|---|
r-devel-linux-x86_64-debian-clang | 0.1.1 | 2.47 | 30.40 | 32.87 | OK | |
r-devel-linux-x86_64-debian-gcc | 0.1.1 | 1.79 | 23.25 | 25.04 | OK | |
r-devel-linux-x86_64-fedora-clang | 0.1.1 | 40.18 | NOTE | |||
r-devel-linux-x86_64-fedora-gcc | 0.1.1 | 29.88 | NOTE | |||
r-patched-linux-x86_64 | 0.1.1 | 2.78 | 28.36 | 31.14 | OK | |
r-release-linux-x86_64 | 0.1.1 | 2.15 | 28.73 | 30.88 | OK | |
r-release-macos-arm64 | 0.1.1 | OK | ||||
r-release-macos-x86_64 | 0.1.1 | OK | ||||
r-release-windows-x86_64 | 0.1.1 | 14.00 | 52.00 | 66.00 | OK | |
r-oldrel-macos-arm64 | 0.1.1 | OK | ||||
r-oldrel-macos-x86_64 | 0.1.1 | OK | ||||
r-oldrel-windows-ix86+x86_64 | 0.1.1 | 9.00 | 30.00 | 39.00 | OK |
Version: 0.1.1
Check: compiled code
Result: NOTE
File ‘dkDNA/libs/dkDNA.so’:
Found no calls to: ‘R_registerRoutines’, ‘R_useDynamicSymbols’
It is good practice to register native routines and to disable symbol
search.
See ‘Writing portable packages’ in the ‘Writing R Extensions’ manual.
Flavors: r-devel-linux-x86_64-fedora-clang, r-devel-linux-x86_64-fedora-gcc