Last updated on 2022-04-24 03:52:23 CEST.
Flavor | Version | Tinstall | Tcheck | Ttotal | Status | Flags |
---|---|---|---|---|---|---|
r-devel-linux-x86_64-debian-clang | 0.1.0 | 1.74 | 55.99 | 57.73 | NOTE | |
r-devel-linux-x86_64-debian-gcc | 0.1.0 | 1.84 | 42.01 | 43.85 | NOTE | |
r-devel-linux-x86_64-fedora-clang | 0.1.0 | 70.51 | NOTE | |||
r-devel-linux-x86_64-fedora-gcc | 0.1.0 | 2.63 | ERROR | |||
r-patched-linux-x86_64 | 0.1.0 | 2.25 | 53.82 | 56.07 | NOTE | |
r-release-linux-x86_64 | 0.1.0 | 2.23 | 53.63 | 55.86 | NOTE | |
r-release-macos-arm64 | 0.1.0 | NOTE | ||||
r-release-macos-x86_64 | 0.1.0 | NOTE | ||||
r-release-windows-x86_64 | 0.1.0 | 7.00 | 73.00 | 80.00 | NOTE | |
r-oldrel-macos-arm64 | 0.1.0 | NOTE | ||||
r-oldrel-macos-x86_64 | 0.1.0 | NOTE | ||||
r-oldrel-windows-ix86+x86_64 | 0.1.0 | 5.00 | 65.00 | 70.00 | NOTE |
Version: 0.1.0
Check: LazyData
Result: NOTE
'LazyData' is specified without a 'data' directory
Flavors: r-devel-linux-x86_64-debian-clang, r-devel-linux-x86_64-debian-gcc, r-devel-linux-x86_64-fedora-clang, r-patched-linux-x86_64, r-release-linux-x86_64, r-release-macos-arm64, r-release-macos-x86_64, r-release-windows-x86_64, r-oldrel-macos-arm64, r-oldrel-macos-x86_64, r-oldrel-windows-ix86+x86_64
Version: 0.1.0
Check: package dependencies
Result: ERROR
Package required but not available: ‘GIGrvg’
See section ‘The DESCRIPTION file’ in the ‘Writing R Extensions’
manual.
Flavor: r-devel-linux-x86_64-fedora-gcc