Last updated on 2022-04-24 03:52:23 CEST.
Flavor | Version | Tinstall | Tcheck | Ttotal | Status | Flags |
---|---|---|---|---|---|---|
r-devel-linux-x86_64-debian-clang | 1.0.3.1 | 10.46 | 40.25 | 50.71 | OK | |
r-devel-linux-x86_64-debian-gcc | 1.0.3.1 | 7.95 | 31.64 | 39.59 | OK | |
r-devel-linux-x86_64-fedora-clang | 1.0.3.1 | 65.38 | NOTE | |||
r-devel-linux-x86_64-fedora-gcc | 1.0.3.1 | 52.68 | OK | |||
r-patched-linux-x86_64 | 1.0.3.1 | 10.97 | 39.12 | 50.09 | OK | |
r-release-linux-x86_64 | 1.0.3.1 | 9.43 | 38.55 | 47.98 | OK | |
r-release-macos-arm64 | 1.0.3.1 | NOTE | ||||
r-release-macos-x86_64 | 1.0.3.1 | NOTE | ||||
r-release-windows-x86_64 | 1.0.3.1 | 1109.00 | 148.00 | 1257.00 | NOTE | |
r-oldrel-macos-arm64 | 1.0.3.1 | NOTE | ||||
r-oldrel-macos-x86_64 | 1.0.3.1 | NOTE | ||||
r-oldrel-windows-ix86+x86_64 | 1.0.3.1 | 31.00 | 66.00 | 97.00 | NOTE |
Version: 1.0.3.1
Check: installed package size
Result: NOTE
installed size is 16.6Mb
sub-directories of 1Mb or more:
include 16.3Mb
Flavors: r-devel-linux-x86_64-fedora-clang, r-release-macos-arm64, r-release-macos-x86_64, r-release-windows-x86_64, r-oldrel-macos-arm64, r-oldrel-macos-x86_64, r-oldrel-windows-ix86+x86_64