Last updated on 2022-04-24 03:52:23 CEST.
Flavor | Version | Tinstall | Tcheck | Ttotal | Status | Flags |
---|---|---|---|---|---|---|
r-devel-linux-x86_64-debian-clang | 1.0.0 | 104.26 | 110.80 | 215.06 | OK | |
r-devel-linux-x86_64-debian-gcc | 1.0.0 | 83.85 | 82.37 | 166.22 | OK | |
r-devel-linux-x86_64-fedora-clang | 1.0.0 | 308.88 | NOTE | |||
r-devel-linux-x86_64-fedora-gcc | 1.0.0 | 264.77 | NOTE | |||
r-patched-linux-x86_64 | 1.0.0 | 73.41 | 103.73 | 177.14 | OK | |
r-release-linux-x86_64 | 1.0.0 | 59.80 | 97.33 | 157.13 | OK | |
r-release-macos-arm64 | 1.0.0 | NOTE | ||||
r-release-macos-x86_64 | 1.0.0 | NOTE | ||||
r-release-windows-x86_64 | 1.0.0 | 101.00 | 149.00 | 250.00 | OK | |
r-oldrel-macos-arm64 | 1.0.0 | NOTE | ||||
r-oldrel-macos-x86_64 | 1.0.0 | NOTE | ||||
r-oldrel-windows-ix86+x86_64 | 1.0.0 | 242.00 | 162.00 | 404.00 | OK |
Version: 1.0.0
Check: dependencies in R code
Result: NOTE
Namespace in Imports field not imported from: ‘ggrepel’
All declared Imports should be used.
Flavors: r-devel-linux-x86_64-fedora-clang, r-devel-linux-x86_64-fedora-gcc, r-release-macos-arm64, r-release-macos-x86_64, r-oldrel-macos-arm64, r-oldrel-macos-x86_64