Last updated on 2022-04-24 03:52:23 CEST.
Flavor | Version | Tinstall | Tcheck | Ttotal | Status | Flags |
---|---|---|---|---|---|---|
r-devel-linux-x86_64-debian-clang | 1.1.7 | 29.23 | 206.55 | 235.78 | OK | |
r-devel-linux-x86_64-debian-gcc | 1.1.7 | 19.72 | 147.48 | 167.20 | OK | |
r-devel-linux-x86_64-fedora-clang | 1.1.7 | 280.97 | OK | |||
r-devel-linux-x86_64-fedora-gcc | 1.1.7 | 264.62 | OK | |||
r-patched-linux-x86_64 | 1.1.7 | 17.74 | 189.56 | 207.30 | OK | |
r-release-linux-x86_64 | 1.1.7 | 14.71 | 176.45 | 191.16 | OK | |
r-release-macos-arm64 | 1.1.7 | ERROR | ||||
r-release-macos-x86_64 | 1.1.7 | OK | ||||
r-release-windows-x86_64 | 1.1.7 | 43.00 | 208.00 | 251.00 | OK | |
r-oldrel-macos-arm64 | 1.1.7 | ERROR | ||||
r-oldrel-macos-x86_64 | 1.1.7 | OK | ||||
r-oldrel-windows-ix86+x86_64 | 1.1.7 | 43.00 | 209.00 | 252.00 | OK |
Version: 1.1.7
Check: package dependencies
Result: ERROR
Package required but not available: ‘supraHex’
See section ‘The DESCRIPTION file’ in the ‘Writing R Extensions’
manual.
Flavors: r-release-macos-arm64, r-oldrel-macos-arm64