Last updated on 2022-04-24 03:52:23 CEST.
Flavor | Version | Tinstall | Tcheck | Ttotal | Status | Flags |
---|---|---|---|---|---|---|
r-devel-linux-x86_64-debian-clang | 0.2.1 | 125.62 | 38.05 | 163.67 | NOTE | |
r-devel-linux-x86_64-debian-gcc | 0.2.1 | 87.12 | 29.33 | 116.45 | NOTE | |
r-devel-linux-x86_64-fedora-clang | 0.2.1 | 256.83 | NOTE | |||
r-devel-linux-x86_64-fedora-gcc | 0.2.1 | 203.35 | NOTE | |||
r-patched-linux-x86_64 | 0.2.1 | 95.78 | 36.75 | 132.53 | NOTE | |
r-release-linux-x86_64 | 0.2.1 | 92.08 | 35.91 | 127.99 | NOTE | |
r-release-macos-arm64 | 0.2.1 | NOTE | ||||
r-release-macos-x86_64 | 0.2.1 | NOTE | ||||
r-release-windows-x86_64 | 0.2.1 | 103.00 | 76.00 | 179.00 | NOTE | |
r-oldrel-macos-arm64 | 0.2.1 | NOTE | ||||
r-oldrel-macos-x86_64 | 0.2.1 | NOTE | ||||
r-oldrel-windows-ix86+x86_64 | 0.2.1 | 290.00 | 69.00 | 359.00 | NOTE |
Version: 0.2.1
Check: LazyData
Result: NOTE
'LazyData' is specified without a 'data' directory
Flavors: r-devel-linux-x86_64-debian-clang, r-devel-linux-x86_64-debian-gcc, r-devel-linux-x86_64-fedora-clang, r-devel-linux-x86_64-fedora-gcc, r-patched-linux-x86_64, r-release-linux-x86_64, r-release-macos-arm64, r-release-macos-x86_64, r-release-windows-x86_64, r-oldrel-macos-arm64, r-oldrel-macos-x86_64, r-oldrel-windows-ix86+x86_64