Last updated on 2022-04-24 03:52:23 CEST.
Flavor | Version | Tinstall | Tcheck | Ttotal | Status | Flags |
---|---|---|---|---|---|---|
r-devel-linux-x86_64-debian-clang | 1.0.17 | 1.76 | 141.32 | 143.08 | NOTE | |
r-devel-linux-x86_64-debian-gcc | 1.0.17 | 1.69 | 103.19 | 104.88 | NOTE | |
r-devel-linux-x86_64-fedora-clang | 1.0.17 | 176.01 | OK | |||
r-devel-linux-x86_64-fedora-gcc | 1.0.17 | 163.97 | OK | |||
r-patched-linux-x86_64 | 1.0.17 | 2.49 | 128.19 | 130.68 | NOTE | |
r-release-linux-x86_64 | 1.0.17 | 1.96 | 129.69 | 131.65 | NOTE | |
r-release-macos-arm64 | 1.0.17 | OK | ||||
r-release-macos-x86_64 | 1.0.17 | OK | ||||
r-release-windows-x86_64 | 1.0.17 | 25.00 | 158.00 | 183.00 | OK | |
r-oldrel-macos-arm64 | 1.0.17 | OK | ||||
r-oldrel-macos-x86_64 | 1.0.17 | OK | ||||
r-oldrel-windows-ix86+x86_64 | 1.0.17 | 6.00 | 166.00 | 172.00 | OK |
Version: 1.0.17
Check: R code for possible problems
Result: NOTE
Found the following calls to attach():
File 'doParallel/R/doParallel.R':
attach(exportEnv)
See section 'Good practice' in '?attach'.
Flavors: r-devel-linux-x86_64-debian-clang, r-devel-linux-x86_64-debian-gcc, r-patched-linux-x86_64, r-release-linux-x86_64