Last updated on 2022-04-24 03:52:23 CEST.
Flavor | Version | Tinstall | Tcheck | Ttotal | Status | Flags |
---|---|---|---|---|---|---|
r-devel-linux-x86_64-debian-clang | 1.0.20 | 1.79 | 34.04 | 35.83 | NOTE | |
r-devel-linux-x86_64-debian-gcc | 1.0.20 | 1.84 | 26.40 | 28.24 | NOTE | |
r-devel-linux-x86_64-fedora-clang | 1.0.20 | 47.39 | OK | |||
r-devel-linux-x86_64-fedora-gcc | 1.0.20 | 35.20 | OK | |||
r-patched-linux-x86_64 | 1.0.20 | 2.25 | 32.82 | 35.07 | NOTE | |
r-release-linux-x86_64 | 1.0.20 | 2.45 | 33.05 | 35.50 | NOTE | |
r-release-macos-arm64 | 1.0.20 | OK | ||||
r-release-macos-x86_64 | 1.0.20 | OK | ||||
r-release-windows-x86_64 | 1.0.20 | 8.00 | 52.00 | 60.00 | OK | |
r-oldrel-macos-arm64 | 1.0.20 | OK | ||||
r-oldrel-macos-x86_64 | 1.0.20 | OK | ||||
r-oldrel-windows-ix86+x86_64 | 1.0.20 | 6.00 | 41.00 | 47.00 | OK |
Version: 1.0.20
Check: R code for possible problems
Result: NOTE
Found the following calls to attach():
File 'doSNOW/R/doSNOW.R':
attach(exportEnv)
See section 'Good practice' in '?attach'.
Flavors: r-devel-linux-x86_64-debian-clang, r-devel-linux-x86_64-debian-gcc, r-patched-linux-x86_64, r-release-linux-x86_64